0/8). Let i be 2/(-4)*(5 - 5). Suppose i*c - 16 = -d*c. What are the prime factors of c?
2
Let s = 8 - 2. Suppose 0 = 3*q - 5*a - 55, 3*a = q - s*q + 35. Suppose -q*c = -6*c - 20. What are the prime factors of c?
5
Suppose 4*t - 3 = 5. Suppose -t = 4*g - 2*g. Let b = g - -12. List the prime factors of b.
11
Let k be ((-4)/3 - -1)/((-18)/3510). Suppose -2*j + k + 64 = r, -2*r = -3*j + 176. What are the prime factors of j?
2, 31
Suppose 2*z - 273 - 2837 = -5*i, -7729 = -5*z - i. List the prime factors of z.
3, 5, 103
Let v(p) = p**3 - 4*p**2 + 8*p - 10. Let o be v(3). Suppose -3*j + 581 = -3*a + 2*a, -3*j - o*a = -587. List the prime factors of j.
2, 97
Let n = -9 - -12. Suppose 21 = -n*o - 5*t - 18, -4*o = -t + 29. Let h(x) = -x**3 - 8*x**2 + 3. List the prime factors of h(o).
3
Let s be (-1)/(-3)*(-75)/(-5). Suppose -2*i - 4*d = -0*i - 276, i - 138 = -s*d. List the prime factors of i.
2, 3, 23
Let g(c) = 6*c**2 + 175*c - 72. What are the prime factors of g(-30)?
2, 3, 13
Let h(r) = -19*r + 173. What are the prime factors of h(2)?
3, 5
Let q(m) = -m - 4. Let d be q(8). Let r = -17 - d. Let u(o) = o**3 + 5*o**2 - 6*o + 5. List the prime factors of u(r).
5, 7
Suppose 0 = 3*m - v - 3*v - 1122, m - 373 = v. Let k = -263 + m. List the prime factors of k.
107
Let q be -4*(22/(-77) - 26/7). Suppose -45 = 7*u - q*u. List the prime factors of u.
5
Let w(j) = 117*j - 186. What are the prime factors of w(6)?
2, 3, 43
Let x = 171 + -105. Let t = -254 + x. What are the prime factors of (0 + -2)/(8/t)?
47
Let i be ((-2)/(-6))/((-5)/45). Let k be 2/4 - i/(-2). List the prime factors of 1/k + (-54)/(-2).
2, 13
Let n = -202 - -313. List the prime factors of n.
3, 37
Let j(o) = o + 9. Let d be j(-6). Suppose -20 = -4*n - y, -d = -2*n + y + 7. List the prime factors of n.
5
Let g(d) = -d**3 + 2*d**2 + 4*d + 6. Let z be g(-3). What are the prime factors of (198/27)/(2/z)?
11, 13
Suppose 1419 + 1971 = 6*r. What are the prime factors of r?
5, 113
Suppose 0 = -8*w + 3*w - 75. Let x(q) = -q**3 - 15*q**2 - 5*q - 19. Let z be x(w). Let o = z - 25. What are the prime factors of o?
31
Let l = -712 - -2536. What are the prime factors of (-5)/2*l/(-120)?
2, 19
Let m(p) = -p + 40. Suppose 22*s = 20*s. What are the prime factors of m(s)?
2, 5
What are the prime factors of (2 - 1) + (8 - -738)?
3, 83
Suppose -7 = -5*a - 2*t, -t - 13 = a + 3*t. Suppose 2 = a*s - 1. Suppose u - 4 = -s. List the prime factors of u.
3
Suppose -4*i = 2*k + 22, -15 = -6*k + 3*k. What are the prime factors of (2/10)/(i/(-280))?
7
Let u = 455 - -300. What are the prime factors of u/45 - (-2)/9?
17
Suppose -5*u = -4248 - 312. List the prime factors of u.
2, 3, 19
Let z(q) = -2 - 2 - 7 + 6*q + 1. List the prime factors of z(6).
2, 13
What are the prime factors of 2832/8 + 3 + -4?
353
Suppose 0 = 3*m - 43 + 22. Let z(y) = y**3 - 5*y**2 - 8*y + 16. List the prime factors of z(m).
2, 29
Let f(n) = 725*n - 1. Let x be f(1). Let l = -671 + 685. List the prime factors of x/l - 10/(-35).
2, 13
Suppose -917 = -8*y + 3251. What are the prime factors of y?
521
Let l(x) = -x**3 - x**2 + x + 1. Let h be l(0). Let f be h + -2 - (4 - 4). What are the prime factors of f + 1 + 23/1?
23
Suppose 2*z = 0, z + 24 = 4*u - 4*z. Suppose -4*i + u*i = -2. What are the prime factors of 7 + (1/i)/1?
2, 3
Let f = 4452 + -2902. What are the prime factors of f?
2, 5, 31
Let v(l) = -6*l - 3. Let s be v(-3). Let u = s + 49. List the prime factors of u.
2
Suppose -9378 = -15*b + 792. List the prime factors of b.
2, 3, 113
Let z be (18/27)/(2/36). Suppose -3*r = 3*v - 0*r + z, 4*v - 8 = 2*r. Suppose -4*m + 40 = -v*m. What are the prime factors of m?
2, 5
Let b be (-375)/(-30)*(-8)/(-5). What are the prime factors of ((-16)/b)/((-2)/105)?
2, 3, 7
Let a be (-12)/(-18) + 3/((-18)/(-8)). Let j(q) = 6*q**2 - 3*q. List the prime factors of j(a).
2, 3
Suppose 22 - 7 = 5*u. Let n(x) = -x**2 + 3*x - 1. Let v be n(u). Let z(a) = -16*a**3 + a**2 - 1. List the prime factors of z(v).
2
Suppose 15*q - 1275 = -10*q. What are the prime factors of q?
3, 17
Suppose p + 5*g = 4922, 6*p - 4*g + 3*g = 29625. List the prime factors of p.
4937
Suppose 34 = 3*u - 4*r, -5*r = -u - 2*r + 13. Let f be 34/u + (-2)/5. Suppose q - 2*q + 160 = f*z, 5*q - 228 = -4*z. List the prime factors of z.
2, 13
Let n be (-8)/14 + 24/42. Suppose n = -6*m + 27*m - 6720. List the prime factors of m.
2, 5
List the prime factors of ((-152)/4)/(6 - 272/45).
3, 5, 19
Let z be 1 + -8 + 71 - (-2)/2. Let s = z - -13. What are the prime factors of s?
2, 3, 13
Suppose -2*f = 3*d + d - 94, 4*d + f - 95 = 0. Suppose 0 = 23*v - d*v + 39. What are the prime factors of v?
3, 13
Suppose -248 = -4*r - 3*w, 5*w - 80 - 168 = -4*r. What are the prime factors of r?
2, 31
List the prime factors of (95/15)/(((-8)/6)/(-4)).
19
Let k(l) = -l**2 - 4*l + 14. Let g be k(-6). List the prime factors of 77*(-4 + (g - -3)).
7, 11
Let s = -7 + 10. Suppose s*d + 3*d = 468. List the prime factors of d.
2, 3, 13
Let u(p) = 5*p**2 + 88*p + 98. Let o be u(-18). Let f = -27 + -68. Let w = o + f. What are the prime factors of w?
3, 13
Suppose 3*j - 6 = j. Let q = j - -5. Let i = q + 2. What are the prime factors of i?
2, 5
Let t = 389 + 149. List the prime factors of t.
2, 269
Suppose -v - 2*o = -4*v + 29, -2*o = 8. Let p(y) = 7*y**2 - 2*y + 3*y + 2*y + y - y**3 - 4. What are the prime factors of p(v)?
2, 3
Let q = 25 + -33. Let y be (5 + 35)/(4/q). Let v = -19 - y. What are the prime factors of v?
61
What are the prime factors of ((-170)/90 - -2) + (-827)/(-9)?
2, 23
Let t be (135/(-12))/((-3)/(-12)). Let p = 80 + t. What are the prime factors of p?
5, 7
Let c be ((-2)/(-4)*0)/(6 + -5). Suppose 3*q - 185 - 64 = c. List the prime factors of q.
83
Let u be (-6*3/(-12))/(4/8). Let w = u + 80. What are the prime factors of w?
83
Let a = 160 - 121. List the prime factors of ((-26)/a)/(4/(-834)).
139
List the prime factors of (-302 + -1)*(-70)/35.
2, 3, 101
Let r = 618 - -250. List the prime factors of r.
2, 7, 31
Suppose 0 = -127*x + 130*x - 1488. What are the prime factors of x?
2, 31
Let f(u) = u**2 + 7*u + 2. Let j(r) = r**2 + 3*r - 11. Let x be j(-6). List the prime factors of f(x).
2, 5
Let t(n) = 56*n - 44. List the prime factors of t(15).
2, 199
Let q be 0/3 + 30*3. Let u = 39 + -34. Suppose u*n - 2*n = q. What are the prime factors of n?
2, 3, 5
Let p = -429 + 777. What are the prime factors of p?
2, 3, 29
Let k be (1*(8 + -5))/(6/4). Let g(w) = -w + 6. Let a be g(6). Suppose -k*n + 0*n + 6 = a. List the prime factors of n.
3
Let p = 10 + -4. Let k be 16/p*36/8. List the prime factors of (k/16)/((-1)/(-12)).
3
Let q = 70 + -49. Let r = q + -18. Suppose -r*m + 17 + 1 = 0. What are the prime factors of m?
2, 3
Suppose 96*b - 88*b - 13072 = 0. What are the prime factors of b?
2, 19, 43
Let u(t) = t**3 + 2*t**2 - t + 1009. What are the prime factors of u(0)?
1009
List the prime factors of ((-1)/(21/(-14)))/((-2)/(-3867)).
1289
Let s = -174 - -35. Let j = -79 - s. List the prime factors of j.
2, 3, 5
Let x = -7 - -18. Suppose x = 5*q + 1. Suppose -2*u = q*o - 70, -3*u + 0*o + 115 = 5*o. What are the prime factors of u?
2, 3, 5
List the prime factors of -4 + 1151/5 + 3/(-15).
2, 113
Let f be (-203)/(-29) + 2/(-1). Suppose -2*q + 102 = -v, -2 = -3*v + 2*v. Suppose -q = g - f*g. What are the prime factors of g?
13
Let x(j) = j**2 + 13*j - 22. What are the prime factors of x(-17)?
2, 23
Let g(i) = -39*i + 528. What are the prime factors of g(6)?
2, 3, 7
Suppose 4*q - 127 = -11. Let b = -85 - -157. Let z = b - q. List the prime factors of z.
43
Let d(l) be the second derivative of 29*l**3/3 + 2*l**2 - 8*l. Let i be d(4). Suppose -99 = -2*m + 3*q, -q + i = 5*m + 3*q. List the prime factors of m.
2, 3
Let m be ((-13)/(-2))/((-3)/(-6)). Let q = 15 - m. Suppose 0 = -q*h - h - 3*v + 15, -5 = -5*v. List the prime factors of h.
2
Let u(o) = -o. Let p(s) = -12*s - 2. Let a(l) = -p(l) - 2*u(l). Let c be a(6). Let f = c + -55. List the prime factors of f.
31
Suppose 429 = 3*s - 5*l, -4*l - 232 = -2*s + 56. What are the prime factors of s?
2, 3, 23
Let x = -8 - -3. Let b = 7 - x. List the prime factors of b.
2, 3
Let q = -10 - -19. Let b be 1/((-6)/q + 1). Suppose -b*c - 52 = -7*c. List the prime factors of c.
13
Let s be (8/10)/(